{"id":342,"date":"2019-06-26T12:08:02","date_gmt":"2019-06-26T12:08:02","guid":{"rendered":"http:\/\/agrigrowth-bf.com\/?page_id=342"},"modified":"2019-08-09T15:05:41","modified_gmt":"2019-08-09T15:05:41","slug":"agm-en-bref","status":"publish","type":"page","link":"https:\/\/agrigrowth-bf.com\/?page_id=342","title":{"rendered":"AGM en bref"},"content":{"rendered":"\t\t<div data-elementor-type=\"wp-post\" data-elementor-id=\"342\" class=\"elementor elementor-342\" data-elementor-settings=\"[]\">\n\t\t\t\t\t\t<div class=\"elementor-inner\">\n\t\t\t\t\t\t\t<div class=\"elementor-section-wrap\">\n\t\t\t\t\t\t\t<section class=\"elementor-section elementor-top-section elementor-element elementor-element-4905c38d elementor-section-content-middle elementor-section-stretched elementor-section-boxed elementor-section-height-default elementor-section-height-default\" data-id=\"4905c38d\" data-element_type=\"section\" data-settings=\"{&quot;background_background&quot;:&quot;gradient&quot;,&quot;shape_divider_top&quot;:&quot;curve&quot;,&quot;shape_divider_bottom&quot;:&quot;curve&quot;,&quot;stretch_section&quot;:&quot;section-stretched&quot;}\">\n\t\t\t\t\t<div class=\"elementor-shape elementor-shape-top\" data-negative=\"false\">\n\t\t\t<svg xmlns=\"http:\/\/www.w3.org\/2000\/svg\" viewBox=\"0 0 1000 100\" preserveAspectRatio=\"none\">\n    <path class=\"elementor-shape-fill\" d=\"M1000,4.3V0H0v4.3C0.9,23.1,126.7,99.2,500,100S1000,22.7,1000,4.3z\"\/>\n<\/svg>\t\t<\/div>\n\t\t\t\t<div class=\"elementor-shape elementor-shape-bottom\" data-negative=\"false\">\n\t\t\t<svg xmlns=\"http:\/\/www.w3.org\/2000\/svg\" viewBox=\"0 0 1000 100\" preserveAspectRatio=\"none\">\n    <path class=\"elementor-shape-fill\" d=\"M1000,4.3V0H0v4.3C0.9,23.1,126.7,99.2,500,100S1000,22.7,1000,4.3z\"\/>\n<\/svg>\t\t<\/div>\n\t\t\t\t\t<div class=\"elementor-container elementor-column-gap-default\">\n\t\t\t\t\t\t\t<div class=\"elementor-row\">\n\t\t\t\t\t<div class=\"elementor-column elementor-col-50 elementor-top-column elementor-element elementor-element-3f3a3c24\" data-id=\"3f3a3c24\" data-element_type=\"column\" data-settings=\"{&quot;background_background&quot;:&quot;none&quot;}\">\n\t\t\t<div class=\"elementor-column-wrap elementor-element-populated\">\n\t\t\t\t\t\t\t<div class=\"elementor-widget-wrap\">\n\t\t\t\t\t\t<div class=\"elementor-element elementor-element-4a8cafc6 elementor-widget elementor-widget-heading\" data-id=\"4a8cafc6\" data-element_type=\"widget\" data-widget_type=\"heading.default\">\n\t\t\t\t<div class=\"elementor-widget-container\">\n\t\t\t<h2 class=\"elementor-heading-title elementor-size-default\">AGM Consulting en bref<\/h2>\t\t<\/div>\n\t\t\t\t<\/div>\n\t\t\t\t<div class=\"elementor-element elementor-element-3a331d86 elementor-widget elementor-widget-spacer\" data-id=\"3a331d86\" data-element_type=\"widget\" data-widget_type=\"spacer.default\">\n\t\t\t\t<div class=\"elementor-widget-container\">\n\t\t\t\t\t<div class=\"elementor-spacer\">\n\t\t\t<div class=\"elementor-spacer-inner\"><\/div>\n\t\t<\/div>\n\t\t\t\t<\/div>\n\t\t\t\t<\/div>\n\t\t\t\t\t\t<\/div>\n\t\t\t\t\t<\/div>\n\t\t<\/div>\n\t\t\t\t<div class=\"elementor-column elementor-col-50 elementor-top-column elementor-element elementor-element-1b08fc19\" data-id=\"1b08fc19\" data-element_type=\"column\">\n\t\t\t<div class=\"elementor-column-wrap\">\n\t\t\t\t\t\t\t<div class=\"elementor-widget-wrap\">\n\t\t\t\t\t\t\t\t<\/div>\n\t\t\t\t\t<\/div>\n\t\t<\/div>\n\t\t\t\t\t\t\t\t<\/div>\n\t\t\t\t\t<\/div>\n\t\t<\/section>\n\t\t\t\t<section class=\"elementor-section elementor-top-section elementor-element elementor-element-133e71cf elementor-section-stretched elementor-section-boxed elementor-section-height-default elementor-section-height-default\" data-id=\"133e71cf\" data-element_type=\"section\" data-settings=\"{&quot;stretch_section&quot;:&quot;section-stretched&quot;,&quot;background_background&quot;:&quot;classic&quot;}\">\n\t\t\t\t\t\t<div class=\"elementor-container elementor-column-gap-default\">\n\t\t\t\t\t\t\t<div class=\"elementor-row\">\n\t\t\t\t\t<div class=\"elementor-column elementor-col-100 elementor-top-column elementor-element elementor-element-7ffd568b\" data-id=\"7ffd568b\" data-element_type=\"column\">\n\t\t\t<div class=\"elementor-column-wrap elementor-element-populated\">\n\t\t\t\t\t\t\t<div class=\"elementor-widget-wrap\">\n\t\t\t\t\t\t<div class=\"elementor-element elementor-element-78d2fe6a elementor-widget elementor-widget-text-editor\" data-id=\"78d2fe6a\" data-element_type=\"widget\" data-widget_type=\"text-editor.default\">\n\t\t\t\t<div class=\"elementor-widget-container\">\n\t\t\t\t\t<div class=\"elementor-text-editor elementor-clearfix\"><p><span style=\"color: #000000;\"><strong>AgriGrowth Management<\/strong> (AGM) CONSULTING SARL est une soci\u00e9t\u00e9 de droit burkinab\u00e9 sp\u00e9cialis\u00e9e dans l\u2019offre de <strong><em>services de d\u00e9veloppement aux initiatives agricoles et rurales<\/em><\/strong><em>.<\/em> Cr\u00e9\u00e9e en 2013 sous la forme d\u2019entreprise individuelle, AGM est devenue depuis 2016 une Soci\u00e9t\u00e9 A Responsabilit\u00e9 Limit\u00e9e (SARL), dot\u00e9e d\u2019un capital de 2 000 000 FCFA. Elle est l\u00e9galement enregistr\u00e9e sur le <strong>RCCM \u2116 BF BBD 2016B 1873 et IFU \u2116 00083709D<\/strong>. Son si\u00e8ge social est \u00e0 Bobo-Dioulasso et une repr\u00e9sentation permanente \u00e0 Ouagadougou.<\/span><\/p><p><span style=\"color: #000000;\"><img decoding=\"async\" loading=\"lazy\" class=\"alignnone size-full wp-image-259\" src=\"https:\/\/agrigrowth-bf.com\/wp-content\/uploads\/2019\/06\/icons8-sprout-48.png\" alt=\"\" width=\"48\" height=\"48\" \/>Sa<strong> vision <\/strong>est de <strong><em>\u00ab construire une agriculture qui nourrit, emploie et contribue \u00e0 un d\u00e9veloppement \u00e9conomique durable \u00bb.<\/em><\/strong>\u00a0<\/span><\/p><p><span style=\"color: #000000;\">Et sa<strong> mission <\/strong>est de cr\u00e9er des opportunit\u00e9s et apporter les comp\u00e9tences n\u00e9cessaires aux acteurs \u00e9conomiques de l\u2019agriculture et du monde rural afin de faciliter la r\u00e9alisation de projets de d\u00e9veloppement innovant, inclusif et durable.<\/span><\/p><\/div>\n\t\t\t\t<\/div>\n\t\t\t\t<\/div>\n\t\t\t\t\t\t<\/div>\n\t\t\t\t\t<\/div>\n\t\t<\/div>\n\t\t\t\t\t\t\t\t<\/div>\n\t\t\t\t\t<\/div>\n\t\t<\/section>\n\t\t\t\t<section class=\"elementor-section elementor-top-section elementor-element elementor-element-30f70ecf elementor-section-boxed elementor-section-height-default elementor-section-height-default\" data-id=\"30f70ecf\" data-element_type=\"section\" data-settings=\"{&quot;background_background&quot;:&quot;classic&quot;}\">\n\t\t\t\t\t\t<div class=\"elementor-container elementor-column-gap-default\">\n\t\t\t\t\t\t\t<div class=\"elementor-row\">\n\t\t\t\t\t<div class=\"elementor-column elementor-col-100 elementor-top-column elementor-element elementor-element-689c5a41\" data-id=\"689c5a41\" data-element_type=\"column\">\n\t\t\t<div class=\"elementor-column-wrap elementor-element-populated\">\n\t\t\t\t\t\t\t<div class=\"elementor-widget-wrap\">\n\t\t\t\t\t\t<div class=\"elementor-element elementor-element-7961378c elementor-pagination-position-outside elementor-widget elementor-widget-image-carousel\" data-id=\"7961378c\" data-element_type=\"widget\" data-settings=\"{&quot;slides_to_show&quot;:&quot;5&quot;,&quot;navigation&quot;:&quot;dots&quot;,&quot;image_spacing_custom&quot;:{&quot;unit&quot;:&quot;px&quot;,&quot;size&quot;:66,&quot;sizes&quot;:[]},&quot;autoplay&quot;:&quot;yes&quot;,&quot;pause_on_hover&quot;:&quot;yes&quot;,&quot;pause_on_interaction&quot;:&quot;yes&quot;,&quot;autoplay_speed&quot;:5000,&quot;infinite&quot;:&quot;yes&quot;,&quot;speed&quot;:500}\" data-widget_type=\"image-carousel.default\">\n\t\t\t\t<div class=\"elementor-widget-container\">\n\t\t\t\t\t<div class=\"elementor-image-carousel-wrapper swiper-container\" dir=\"ltr\">\n\t\t\t<div class=\"elementor-image-carousel swiper-wrapper\">\n\t\t\t\t<div class=\"swiper-slide\"><figure class=\"swiper-slide-inner\"><img decoding=\"async\" class=\"swiper-slide-image\" src=\"https:\/\/agrigrowth-bf.com\/wp-content\/uploads\/2019\/06\/29.png\" alt=\"29\" \/><\/figure><\/div><div class=\"swiper-slide\"><figure class=\"swiper-slide-inner\"><img decoding=\"async\" class=\"swiper-slide-image\" src=\"https:\/\/agrigrowth-bf.com\/wp-content\/uploads\/2019\/06\/28.png\" alt=\"28\" \/><\/figure><\/div><div class=\"swiper-slide\"><figure class=\"swiper-slide-inner\"><img decoding=\"async\" class=\"swiper-slide-image\" src=\"https:\/\/agrigrowth-bf.com\/wp-content\/uploads\/2019\/06\/27.jpg\" alt=\"27\" \/><\/figure><\/div><div class=\"swiper-slide\"><figure class=\"swiper-slide-inner\"><img decoding=\"async\" class=\"swiper-slide-image\" src=\"https:\/\/agrigrowth-bf.com\/wp-content\/uploads\/2019\/06\/26.jpg\" alt=\"26\" \/><\/figure><\/div><div class=\"swiper-slide\"><figure class=\"swiper-slide-inner\"><img decoding=\"async\" class=\"swiper-slide-image\" src=\"https:\/\/agrigrowth-bf.com\/wp-content\/uploads\/2019\/06\/25.jpg\" alt=\"25\" \/><\/figure><\/div><div class=\"swiper-slide\"><figure class=\"swiper-slide-inner\"><img decoding=\"async\" class=\"swiper-slide-image\" src=\"https:\/\/agrigrowth-bf.com\/wp-content\/uploads\/2019\/06\/24.jpg\" alt=\"24\" \/><\/figure><\/div><div class=\"swiper-slide\"><figure class=\"swiper-slide-inner\"><img decoding=\"async\" class=\"swiper-slide-image\" src=\"https:\/\/agrigrowth-bf.com\/wp-content\/uploads\/2019\/06\/23.jpg\" alt=\"23\" \/><\/figure><\/div><div class=\"swiper-slide\"><figure class=\"swiper-slide-inner\"><img decoding=\"async\" class=\"swiper-slide-image\" src=\"https:\/\/agrigrowth-bf.com\/wp-content\/uploads\/2019\/06\/22.jpg\" alt=\"22\" \/><\/figure><\/div><div class=\"swiper-slide\"><figure class=\"swiper-slide-inner\"><img decoding=\"async\" class=\"swiper-slide-image\" src=\"https:\/\/agrigrowth-bf.com\/wp-content\/uploads\/2019\/06\/19.jpg\" alt=\"19\" \/><\/figure><\/div><div class=\"swiper-slide\"><figure class=\"swiper-slide-inner\"><img decoding=\"async\" class=\"swiper-slide-image\" src=\"https:\/\/agrigrowth-bf.com\/wp-content\/uploads\/2019\/06\/18.jpg\" alt=\"18\" \/><\/figure><\/div><div class=\"swiper-slide\"><figure class=\"swiper-slide-inner\"><img decoding=\"async\" class=\"swiper-slide-image\" src=\"https:\/\/agrigrowth-bf.com\/wp-content\/uploads\/2019\/06\/17.jpg\" alt=\"17\" \/><\/figure><\/div><div class=\"swiper-slide\"><figure class=\"swiper-slide-inner\"><img decoding=\"async\" class=\"swiper-slide-image\" src=\"https:\/\/agrigrowth-bf.com\/wp-content\/uploads\/2019\/06\/16.jpg\" alt=\"16\" \/><\/figure><\/div><div class=\"swiper-slide\"><figure class=\"swiper-slide-inner\"><img decoding=\"async\" class=\"swiper-slide-image\" src=\"https:\/\/agrigrowth-bf.com\/wp-content\/uploads\/2019\/06\/15.jpg\" alt=\"15\" \/><\/figure><\/div><div class=\"swiper-slide\"><figure class=\"swiper-slide-inner\"><img decoding=\"async\" class=\"swiper-slide-image\" src=\"https:\/\/agrigrowth-bf.com\/wp-content\/uploads\/2019\/06\/14.png\" alt=\"14\" \/><\/figure><\/div><div class=\"swiper-slide\"><figure class=\"swiper-slide-inner\"><img decoding=\"async\" class=\"swiper-slide-image\" src=\"https:\/\/agrigrowth-bf.com\/wp-content\/uploads\/2019\/06\/13.jpg\" alt=\"13\" \/><\/figure><\/div><div class=\"swiper-slide\"><figure class=\"swiper-slide-inner\"><img decoding=\"async\" class=\"swiper-slide-image\" src=\"https:\/\/agrigrowth-bf.com\/wp-content\/uploads\/2019\/06\/12.jpg\" alt=\"12\" \/><\/figure><\/div><div class=\"swiper-slide\"><figure class=\"swiper-slide-inner\"><img decoding=\"async\" class=\"swiper-slide-image\" src=\"https:\/\/agrigrowth-bf.com\/wp-content\/uploads\/2019\/06\/11.jpg\" alt=\"11\" \/><\/figure><\/div><div class=\"swiper-slide\"><figure class=\"swiper-slide-inner\"><img decoding=\"async\" class=\"swiper-slide-image\" src=\"https:\/\/agrigrowth-bf.com\/wp-content\/uploads\/2019\/06\/10.jpg\" alt=\"10\" \/><\/figure><\/div><div class=\"swiper-slide\"><figure class=\"swiper-slide-inner\"><img decoding=\"async\" class=\"swiper-slide-image\" src=\"https:\/\/agrigrowth-bf.com\/wp-content\/uploads\/2019\/06\/8.jpg\" alt=\"8\" \/><\/figure><\/div><div class=\"swiper-slide\"><figure class=\"swiper-slide-inner\"><img decoding=\"async\" class=\"swiper-slide-image\" src=\"https:\/\/agrigrowth-bf.com\/wp-content\/uploads\/2019\/06\/7.jpg\" alt=\"7\" \/><\/figure><\/div><div class=\"swiper-slide\"><figure class=\"swiper-slide-inner\"><img decoding=\"async\" class=\"swiper-slide-image\" src=\"https:\/\/agrigrowth-bf.com\/wp-content\/uploads\/2019\/06\/6.jpg\" alt=\"6\" \/><\/figure><\/div><div class=\"swiper-slide\"><figure class=\"swiper-slide-inner\"><img decoding=\"async\" class=\"swiper-slide-image\" src=\"https:\/\/agrigrowth-bf.com\/wp-content\/uploads\/2019\/06\/5.jpg\" alt=\"5\" \/><\/figure><\/div><div class=\"swiper-slide\"><figure class=\"swiper-slide-inner\"><img decoding=\"async\" class=\"swiper-slide-image\" src=\"https:\/\/agrigrowth-bf.com\/wp-content\/uploads\/2019\/06\/4.jpg\" alt=\"4\" \/><\/figure><\/div><div class=\"swiper-slide\"><figure class=\"swiper-slide-inner\"><img decoding=\"async\" class=\"swiper-slide-image\" src=\"https:\/\/agrigrowth-bf.com\/wp-content\/uploads\/2019\/06\/3.jpg\" alt=\"3\" \/><\/figure><\/div><div class=\"swiper-slide\"><figure class=\"swiper-slide-inner\"><img decoding=\"async\" class=\"swiper-slide-image\" src=\"https:\/\/agrigrowth-bf.com\/wp-content\/uploads\/2019\/06\/2.jpg\" alt=\"2\" \/><\/figure><\/div><div class=\"swiper-slide\"><figure class=\"swiper-slide-inner\"><img decoding=\"async\" class=\"swiper-slide-image\" src=\"https:\/\/agrigrowth-bf.com\/wp-content\/uploads\/2019\/06\/1.jpg\" alt=\"1\" \/><\/figure><\/div>\t\t\t<\/div>\n\t\t\t\t\t\t\t\t\t\t\t\t<div class=\"swiper-pagination\"><\/div>\n\t\t\t\t\t\t\t\t\t\t\t\t\t<\/div>\n\t\t\t\t<\/div>\n\t\t\t\t<\/div>\n\t\t\t\t\t\t<\/div>\n\t\t\t\t\t<\/div>\n\t\t<\/div>\n\t\t\t\t\t\t\t\t<\/div>\n\t\t\t\t\t<\/div>\n\t\t<\/section>\n\t\t\t\t\t\t<\/div>\n\t\t\t\t\t\t<\/div>\n\t\t\t\t\t<\/div>\n\t\t","protected":false},"excerpt":{"rendered":"<p>AGM Consulting en bref AgriGrowth Management (AGM) CONSULTING SARL est une soci\u00e9t\u00e9 de droit burkinab\u00e9 sp\u00e9cialis\u00e9e dans l\u2019offre de services de d\u00e9veloppement aux initiatives agricoles et rurales. Cr\u00e9\u00e9e en 2013 sous la forme d\u2019entreprise individuelle, AGM est devenue depuis 2016 une Soci\u00e9t\u00e9 A Responsabilit\u00e9 Limit\u00e9e (SARL), dot\u00e9e d\u2019un capital de 2 000 000 FCFA. Elle &hellip;<\/p>\n<p class=\"read-more\"> <a class=\"\" href=\"https:\/\/agrigrowth-bf.com\/?page_id=342\"> <span class=\"screen-reader-text\">AGM en bref<\/span> Lire la suite\u00a0\u00bb<\/a><\/p>\n","protected":false},"author":1,"featured_media":0,"parent":0,"menu_order":0,"comment_status":"closed","ping_status":"closed","template":"","meta":[],"uagb_featured_image_src":{"full":false,"thumbnail":false,"medium":false,"medium_large":false,"large":false,"1536x1536":false,"2048x2048":false},"uagb_author_info":{"display_name":"loogoba","author_link":"https:\/\/agrigrowth-bf.com\/?author=1"},"uagb_comment_info":0,"uagb_excerpt":"AGM Consulting en bref AgriGrowth Management (AGM) CONSULTING SARL est une soci\u00e9t\u00e9 de droit burkinab\u00e9 sp\u00e9cialis\u00e9e dans l\u2019offre de services de d\u00e9veloppement aux initiatives agricoles et rurales. Cr\u00e9\u00e9e en 2013 sous la forme d\u2019entreprise individuelle, AGM est devenue depuis 2016 une Soci\u00e9t\u00e9 A Responsabilit\u00e9 Limit\u00e9e (SARL), dot\u00e9e d\u2019un capital de 2 000 000 FCFA. Elle\u2026","_links":{"self":[{"href":"https:\/\/agrigrowth-bf.com\/index.php?rest_route=\/wp\/v2\/pages\/342"}],"collection":[{"href":"https:\/\/agrigrowth-bf.com\/index.php?rest_route=\/wp\/v2\/pages"}],"about":[{"href":"https:\/\/agrigrowth-bf.com\/index.php?rest_route=\/wp\/v2\/types\/page"}],"author":[{"embeddable":true,"href":"https:\/\/agrigrowth-bf.com\/index.php?rest_route=\/wp\/v2\/users\/1"}],"replies":[{"embeddable":true,"href":"https:\/\/agrigrowth-bf.com\/index.php?rest_route=%2Fwp%2Fv2%2Fcomments&post=342"}],"version-history":[{"count":5,"href":"https:\/\/agrigrowth-bf.com\/index.php?rest_route=\/wp\/v2\/pages\/342\/revisions"}],"predecessor-version":[{"id":610,"href":"https:\/\/agrigrowth-bf.com\/index.php?rest_route=\/wp\/v2\/pages\/342\/revisions\/610"}],"wp:attachment":[{"href":"https:\/\/agrigrowth-bf.com\/index.php?rest_route=%2Fwp%2Fv2%2Fmedia&parent=342"}],"curies":[{"name":"wp","href":"https:\/\/api.w.org\/{rel}","templated":true}]}}